.
15
Let h = 21 - 27. Let m = h + 14. Suppose 3*f - 6*z = -5*z - m, 0 = -4*f - 2*z - 14. Let k(i) = -i**2 - i - 1. Determine k(f).
-7
Let m(k) = -3*k + 10 + 19 - 42 + 7. Suppose 4*z - 10 = 6. Let o be (-2)/z + (-7)/2. Determine m(o).
6
Suppose -74*h = -96*h - 110. Let c(j) = j**3 + 6*j**2 + 6*j + 11. Calculate c(h).
6
Let f(x) = -17*x**2 - 4*x + 3. Suppose 6*r - 64 = -58. Give f(r).
-18
Let n(s) = s**2 - 5*s - 3. Suppose -10*z + 297 - 207 = 0. Calculate n(z).
33
Let t be 2/((-15)/(-21) + -1). Let m = -5 - t. Let d(z) = 3 + 0*z**2 - m*z - 4 + 3 + 2*z**2. Give d(2).
6
Let f(y) = 13*y. Let i(v) = 2 - 6*v + v**3 - 6*v**2 - 11 + 1. Let r be i(7). Give f(r).
-13
Let d(l) = 4*l - 3. Let q be (-4)/(-5) - (-242)/110. Calculate d(q).
9
Let g(m) be the third derivative of m**7/2520 + m**6/240 - m**5/30 + 5*m**4/24 + 9*m**2. Let r(x) be the second derivative of g(x). Determine r(-3).
-4
Suppose 44 = -13*b + 11*b. Let s = b + 16. Let w(c) = -5 + 4 - 4*c + 2*c. Give w(s).
11
Let v = 699 - 700. Let a(x) = -4*x - 2. What is a(v)?
2
Let q(d) = d - 15. Let i = -114 + 119. Suppose 3*s - i*s = 2*j - 10, -j + 1 = 2*s. What is q(j)?
-6
Let s(n) be the third derivative of -n**4/24 - 3*n**3/2 - 2*n**2 + 34*n. Calculate s(-12).
3
Let j(p) = p - 4. Let r = -491 + 492. Let s be 34*(-2 - (-10)/4). Suppose -4*h - s = 3*x, 0*h + h = -4*x - r. Give j(h).
-9
Let l = -175 - -118. Let x = l - -49. Let t(n) = -n - 6. Give t(x).
2
Let c = -557 - -561. Let n(o) = o**3 - 5*o**2 + o - 3. Give n(c).
-15
Let b(t) be the second derivative of t**4/12 - 4*t**3 + 45*t**2/2 + 58*t + 2. Give b(22).
1
Suppose -106 = 48*s + 278. Let k(g) = -3*g - 3. Give k(s).
21
Let x(t) be the first derivative of 3*t**2 + t + 39. Give x(-1).
-5
Suppose -5*y = -4*u - 5 + 14, -u + 1 = 0. Let b(a) = a**3 - a**2 - a - 1. Calculate b(y).
-2
Let u(x) be the second derivative of -x**4/12 - x**3/2 - 3*x**2/2 + 231*x. Calculate u(-5).
-13
Let o(r) = r**2 + 36*r + 246. Let v be o(-27). Let s(l) = l + 2. Calculate s(v).
5
Let g(c) = 49 + 6*c - 41 + 3*c**3 - 2*c**3 + 0*c**3 - 6*c**2. Give g(6).
44
Suppose 2*s + 2 + 4 = 0. Let o(g) = -3*g**3 + 4*g**2 + 15*g + 7. Let a(f) = 4*f**3 - 4*f**2 - 18*f - 9. Let u(y) = 4*a(y) + 5*o(y). What is u(s)?
-1
Let c = -11 + 13. Let s(h) = -c - 1 + 0*h + 5*h - 3*h. Let u be s(2). Let t(j) = 10*j**2 - j + 1. Give t(u).
10
Let a = 539 - 520. Let f(c) = c**3 - 20*c**2 + 18*c + 15. Determine f(a).
-4
Let v = 122 + -120. Let c(g) be the first derivative of g - 3/2*g**2 + v. Determine c(-4).
13
Let j(c) be the second derivative of c**4/12 + 5*c**3/6 - 3*c**2 - 10*c. Let s(q) be the first derivative of j(q). Determine s(-6).
-7
Let a = 5 + -11. Let q(o) = -9. Let f = 15 - 18. Let d(k) = k. Let v(r) = f*d(r) + q(r). What is v(a)?
9
Let t(r) = -13*r + 33. Let z(s) = 3*s - 8. Let n(l) = 4*t(l) + 18*z(l). What is n(6)?
0
Let r(l) = l**3 - 6*l**2 + 6*l. Let o(q) = -2*q - 1 + 0 + 1. Let u be o(-4). Suppose k = -k + u. Give r(k).
-8
Let n(w) = 19*w + 166. Let u be n(-9). Suppose y = -4*y + 30. Let v(i) = 5*i - y*i + 0*i + 1. Calculate v(u).
6
Suppose -n - 3 = 0, 0 = -3*y - 3*n - 5 + 2. Suppose -y*v - 18 = -v. Let l = v - -25. Let g(x) = x**2 - 7*x - 6. Determine g(l).
-6
Let o(a) be the second derivative of a**3/6 - 3*a**2/2 + 1895*a + 2. Suppose -2*w - 2*r + 8 = 0, -2*w + 0 = -5*r - 8. Determine o(w).
1
Let u = 22 - 15. Let k be (0 + (-1)/(-1))*u. Let d(m) = m**3 + 7*m + 9*m**2 - 2*m - 17*m**2 + 9 + 0*m**2. Give d(k).
-5
Let p(x) = -4*x**2 + 11*x + 13. Let w(k) = k**2 + 2*k + 1. Let v(n) = p(n) + 6*w(n). Give v(-11).
8
Let t(p) = 6*p + 45 + 3*p - 43 - 4*p. What is t(1)?
7
Let c(a) = -3*a + 1. Let b be c(1). Let s(q) = -18*q + 6*q - 3 + q - q. Calculate s(b).
21
Let u(c) = 5*c - 3 - 5*c**2 - 9*c**2 + 11*c**2 + c**3. What is u(3)?
12
Let k be 63/33 + (-29)/(-319). Let v(w) be the third derivative of 0 + 1/6*w**4 - 1/60*w**5 - 9*w**k + 0*w + 4/3*w**3. Calculate v(6).
-4
Let q = -1521 + 1517. Let o(y) be the third derivative of -y**7/5040 - y**6/144 - y**5/30 - y**2. Let h(a) be the third derivative of o(a). Calculate h(q).
-1
Let q(r) = -111*r**2 - 2 + 339*r**2 - r - 113*r**2 - 113*r**2. Calculate q(3).
13
Let r = -24 + 26. Let c(w) = w**2 + 6*w - 7. Let j(t) = -4*t**2 - 18*t + 22. Let l(o) = r*j(o) + 7*c(o). Give l(6).
-5
Let g = -104 - -110. Let b(t) = -t**3 + 5*t**2 + 3*t + 2. Calculate b(g).
-16
Let w(u) = 4*u**2 + 15*u + 10. Let p(b) = -5*b**2 - 18*b - 10. Let f(n) = 5*p(n) + 6*w(n). Calculate f(0).
10
Let b(c) = c + 5. Let q(r) = r**3 - 4*r**2 + 5*r - 3. Let s be q(3). Suppose 0 = 2*j + s*j + 20. Give b(j).
1
Let p(l) = -l**3 + 8*l**2 - 13*l - 3. Let k be p(6). Let w(r) = -2*r - 17. Let d be w(k). Let i(u) = 3*u**3 - u**2 + 2*u - 1. Determine i(d).
3
Let v(d) be the first derivative of d**2/2 - 7*d + 41. What is v(8)?
1
Let y = 12 + -12. Suppose j = u + 4*j - 229, 231 = u + j. Let d(f) = 236 - f**2 - u - f + f. Calculate d(y).
4
Let u(d) = d**3 + 1. Let a(o) = -5*o**3 + 6*o**2 - 4*o - 9. Let r = -5 + 5. Suppose -2*z + 19 - 27 = r. Let m(v) = z*u(v) - a(v). Calculate m(5).
0
Let g(p) = -p - 9. Let t(u) = u + 8. Let w(j) = 6*g(j) + 7*t(j). Calculate w(5).
7
Let l be ((-18)/(-12))/(3/4). Suppose -45*y - l = -43*y. Let o(x) = 12*x**2 + x + 1. Determine o(y).
12
Suppose 44 = -i + 2*i. Let r = i - 49. Let v(s) = -2*s + 5. Give v(r).
15
Let s(a) = -a**2 - 6*a - 5. Suppose 14*f = 31*f + 68. Determine s(f).
3
Let d(x) = -4*x**3 - 2*x**2 - 2*x - 1. Suppose -4*i = -3*i - 2. Let j be (i/3)/((-8)/12). What is d(j)?
3
Let f(s) = -27*s + 3. Let w(y) = 49*y - 5. Let j(g) = 7*f(g) + 4*w(g). Let x be (-34)/(-8) + (-3)/12. Suppose -9 + x = -5*v. Calculate j(v).
8
Let s(n) be the second derivative of n**4/2 - n**2/2 - 127*n. Determine s(-1).
5
Let k(j) = -5*j**3 + 11*j**3 - 54*j**3 - 3*j + 1 + 2*j. Calculate k(1).
-48
Let b(i) = i + 3. Suppose 4*q - 88 = -4*y, 3*y = 2*y - 4*q + 28. Let v = y + -2. Suppose -v - 10 = 4*o. What is b(o)?
-4
Suppose 2*z - 30 = -4*z. Let x be ((-10)/(-35))/(2/14). Let k(v) = -v + 0*v + 1 + 0 - x. Calculate k(z).
-6
Suppose -12 - 8 = 4*n. Let x(a) = a**2 + 7*a + 7. Calculate x(n).
-3
Let j(o) = o**3 + 8*o**2 + 14*o + 8. Let z be -18 - -16 - (0 + 4). What is j(z)?
-4
Suppose -2*d + 16 = 4*y, -4 = 3*d - 3*y - 1. Let h(f) = -5*f + f**2 + 2*f + 0*f + 2*f + 4. Let q(o) = o**2 - o + 3. Let p(w) = 4*h(w) - 5*q(w). Determine p(d).
-1
Let o = -6 + 8. Let x(v) = -v**3 - 13*v**2 - v - 12. Let f be x(-13). Let s(m) = 0 + 2 + 16*m + f - 20*m. Determine s(o).
-5
Let o be 28/(-6)*(3 - -6). Let z be (5/(-6))/(7/o). Let j(q) = -2*q + 4*q**2 + 2 + z*q - 2*q**2 - 5*q**2. Determine j(3).
-16
Let a(d) be the third derivative of d**4/24 - 2*d**3 - 2*d**2. Suppose 0*x - 2*x + 30 = 0. Let m be a(x). Let u(f) = f**3 - 4*f**2 + f. Give u(m).
-6
Let f = -784 - -778. Let i(t) = t**3 + 5*t**2 - 4*t + 11. Give i(f).
-1
Suppose 2*s + j = 7, -j + 5 = 2. Let y(w) = -393*w + 10*w**2 - 1 - 12*w**2 - 2 + 396*w. Give y(s).
-5
Let q(d) be the second derivative of d**3/2 - d**2/2 - 52*d. Give q(2).
5
Let k(b) be the third derivative of 0 - 17*b**2 + 1/60*b**5 + 1/24*b**4 + 0*b - 2/3*b**3. Calculate k(0).
-4
Let f be -3*(-2 - ((-184)/(-12) - -1)). Let u = 56 - f. Let t(d) = 2*d**2. Determine t(u).
2
Let n(d) = -21*d + 3. Let o = 1875 + -1878. What is n(o)?
66
Let m(z) = -z**3 - 10*z**2 + 12*z + 2. Let t be m(-11). Let i = 12 + t. Suppose -i*j - 5 = -0*b - b, j - 1 = b. Let x(p) = -p**2 - 3*p - 1. Give x(j).
-1
Suppose -98 = -7*x + 21*x. Let u(j) = j. Give u(x).
-7
Suppose 58*o - 4 = 57*o. Let v(m) = -5*m + 3. Let d(c) = -c. Let k(h) = o*d(h) - v(h). Determine k(-5).
-8
Let p(d) = -5*d - 1. Suppose -4*i - 332 = -5*c, -4*i - 12 + 0 = 0. Suppose -c = -o - 63. What is p(o)?
-6
Let j(v) = 3 + 1 + 11*v + 2 + v**3 + 3 - 3 + 8*v**2. Determine j(-7).
-22
Let v(x) be the first derivative of -4*x**2 + 2*x + 580. Calculate v(-4).
34
Let t = -11 + 19. Let m(p) = p**2 - 9*p + 1 - 2*p + 6 + 2. What is m(t)?
-15
Let n(y) = -10 - 2*y + 0*y + y. Suppose -3*i + 2*a = -15, -3*i - 184*a + 9 = -188*a. Determine n(i).
-17
Let l(v) = -v - 5. Let d be (-27)/36 - 54/(-8). Suppose d - 26 = 4*m. Determine l(m).
0
Let v(p) = -p**2 - 4*p + 113 - 230 + 118. Determine v(-6).
-11
Let g be (7 - 6) + (19 - 0). Let l = g + -8. Let s be 3/2*(-16)/l. Let t(k) 